{"id":13611,"date":"2026-09-02T09:23:58","date_gmt":"2026-09-02T07:23:58","guid":{"rendered":"https:\/\/www.historischeskolleg.de\/?post_type=event_listing&#038;p=13611"},"modified":"2026-09-02T09:25:09","modified_gmt":"2026-09-02T07:25:09","slug":"begruessungsabend-4","status":"publish","type":"event_listing","link":"https:\/\/www.historischeskolleg.de\/en\/event\/begruessungsabend-4\/","title":{"rendered":"Begr\u00fc\u00dfungsabend"},"content":{"rendered":"\n<p class=\"wp-block-paragraph\"><\/p>\n\n\n\n<p class=\"wp-block-paragraph\">Zur offiziellen Er\u00f6ffnung des Kollegjahres 2026\/2027 die Fellows stellen sich und ihre Forschungsvorhaben vor. Die Kuratoriumsvorsitzende Prof. Dr. Elke Seefried geht mit den neuen Stipendiaten ins Gespr\u00e4ch und er\u00f6rtert gemeinsam mit ihnen ihre Vita und geplante Studie. <\/p>\n\n\n\n<p class=\"wp-block-paragraph\">Julia Exarchos ist Nachwuchsgruppenleiterin am Lehrstuhl f\u00fcr Mittlere Geschichte der RWTH Aachen. &nbsp;Als Consolidator Fellow bearbeitet sie im Kollegjahr 2026\/2027 ihr Forschungsprojekt <strong>Zwischen Abh\u00e4ngigkeit, Armut und \u00f6konomischer Integration: Die arbeitenden Armen und ihre Funktionstr\u00e4ger und Funktionstr\u00e4gerinnen im Reich (1300\u20131600)<\/strong>.<\/p>\n\n\n\n<p class=\"wp-block-paragraph\">Omar Gueye, Professeur assimil\u00e9 an der Universit\u00e9 Cheikh Anta Diop de Dakar, erh\u00e4lt das Consolidator Fellowship Global South. Er forscht als Stipendiat der Bayerischen Akademie der Wissenschaften zum Thema <strong>Women of 1968. An African Odyssey.<\/strong><\/p>\n\n\n\n<p class=\"wp-block-paragraph\">Mathias H\u00e4u\u00dfler erh\u00e4lt ein Consolidator Fellowship f\u00fcr die Weiterarbeit an seinem Forschungsvorhaben <strong>Deutschland als (Desti)Nation. Das Kaiserreich im touristischen Wettbewerb um 1900.<\/strong> Er ist Akademischer Rat a.Z. am Lehrstuhl f\u00fcr Europ\u00e4ische Geschichte an der Universit\u00e4t Regensburg. Er erh\u00e4lt das Stipendium des Historischen Seminars der LMU und des Freundeskreises des Historischen Kollegs.<\/p>\n\n\n\n<p class=\"wp-block-paragraph\">Lisbeth Matzer ist Akademische R\u00e4tin a.Z. am Lehrstuhl f\u00fcr Neueste Geschichte und Zeitgeschichte der LMU M\u00fcnchen. Als Consolidator Fellow arbeitet sie an ihrem Buchprojekt <strong>In Vino Europa. Eine Produktgeschichte europ\u00e4ischer Integration<\/strong> weiter. Sie ist Stipendiatin der Gerda Henkel Stiftung.<\/p>\n\n\n\n<p class=\"wp-block-paragraph\">S\u00f6ren Urbansky ist Inhaber des Lehrstuhls f\u00fcr Osteurop\u00e4ische Geschichte an der Ruhr Universit\u00e4t Bochum. Als Advanced Fellow widmet er sich im kommenden 47. Kollegjahr dem Thema <strong>Die Gelbe Gefahr. Ein Schlagwort und sein Widerhall am Pazifik<\/strong><em>.<\/em> Er ist Stipendiat des K\u00e4te Hamburger Kollegs global dis:connect und des Freistaats Bayern.<\/p>\n\n\n\n<p class=\"wp-block-paragraph\">Johannes Wienand, Universit\u00e4tsprofessor f\u00fcr Alte Geschichte an der Technischen Universit\u00e4t Braunschweig, erh\u00e4lt das Advanced Fellowship zur Fortf\u00fchrung seines Projektes <strong>Panegyrik als Interferenzraum: Zur Vermessung monarchischer Autorit\u00e4t zwischen Antike und Mittelalter.<\/strong> Er ist Fellow der Fritz Thyssen Stiftung.<\/p>\n\n\n\n<p class=\"wp-block-paragraph\">Mit dem neuen Jahrgang sind seit der Gr\u00fcndung des Historischen Kollegs im Jahr 1980 insgesamt 198 Fellows in den Genuss eines einj\u00e4hrigen Stipendiums gelangt.<\/p>\n\n\n\n<p class=\"wp-block-paragraph\">Einlass ist ab 18.30 Uhr bis maximal zum Veranstaltungsbeginn. Die Zahl der Sitzpl\u00e4tze ist begrenzt. Der Zugang zum Haus ist nicht barrierefrei.<\/p>\n\n\n\n<p class=\"wp-block-paragraph\">Die Veranstaltungen werden mit Foto und Video dokumentiert. Mit Ihrer Teilnahme erkl\u00e4ren Sie sich mit der Aufzeichnung und deren Nutzung im Rahmen der \u00d6ffentlichkeitsarbeit des Historischen Kollegs<\/p>\n","protected":false},"featured_media":12517,"template":"","meta":[],"event_listing_category":[],"event_listing_type":[211],"class_list":["post-13611","event_listing","type-event_listing","status-publish","has-post-thumbnail","hentry","event_listing_type-begruessungsabend"],"acf":[],"yoast_head":"<!-- This site is optimized with the Yoast SEO plugin v28.3 - https:\/\/yoast.com\/product\/yoast-seo-wordpress\/ -->\n<title>Begr\u00fc\u00dfungsabend - Historisches Kolleg<\/title>\n<meta name=\"robots\" content=\"index, follow, max-snippet:-1, max-image-preview:large, max-video-preview:-1\" \/>\n<link rel=\"canonical\" href=\"https:\/\/www.historischeskolleg.de\/en\/event\/begruessungsabend-4\/\" \/>\n<meta property=\"og:locale\" content=\"en_US\" \/>\n<meta property=\"og:type\" content=\"article\" \/>\n<meta property=\"og:title\" content=\"Begr\u00fc\u00dfungsabend - Historisches Kolleg\" \/>\n<meta property=\"og:url\" content=\"https:\/\/www.historischeskolleg.de\/en\/event\/begruessungsabend-4\/\" \/>\n<meta property=\"og:site_name\" content=\"Historisches Kolleg\" \/>\n<meta property=\"article:modified_time\" content=\"2026-09-02T07:25:09+00:00\" \/>\n<meta property=\"og:image\" content=\"https:\/\/www.historischeskolleg.de\/wp-content\/uploads\/2025\/10\/Aktuelles_1-min.jpg\" \/>\n\t<meta property=\"og:image:width\" content=\"1523\" \/>\n\t<meta property=\"og:image:height\" content=\"1263\" \/>\n\t<meta property=\"og:image:type\" content=\"image\/jpeg\" \/>\n<meta name=\"twitter:card\" content=\"summary_large_image\" \/>\n<meta name=\"twitter:label1\" content=\"Est. reading time\" \/>\n\t<meta name=\"twitter:data1\" content=\"3 minutes\" \/>\n<script type=\"application\/ld+json\" class=\"yoast-schema-graph\">{\"@context\":\"https:\\\/\\\/schema.org\",\"@graph\":[{\"@type\":\"WebPage\",\"@id\":\"https:\\\/\\\/www.historischeskolleg.de\\\/en\\\/event\\\/begruessungsabend-4\\\/\",\"url\":\"https:\\\/\\\/www.historischeskolleg.de\\\/en\\\/event\\\/begruessungsabend-4\\\/\",\"name\":\"Begr\u00fc\u00dfungsabend - Historisches Kolleg\",\"isPartOf\":{\"@id\":\"https:\\\/\\\/www.historischeskolleg.de\\\/en\\\/#website\"},\"primaryImageOfPage\":{\"@id\":\"https:\\\/\\\/www.historischeskolleg.de\\\/en\\\/event\\\/begruessungsabend-4\\\/#primaryimage\"},\"image\":{\"@id\":\"https:\\\/\\\/www.historischeskolleg.de\\\/en\\\/event\\\/begruessungsabend-4\\\/#primaryimage\"},\"thumbnailUrl\":\"https:\\\/\\\/www.historischeskolleg.de\\\/wp-content\\\/uploads\\\/2025\\\/10\\\/Aktuelles_1-min.jpg\",\"datePublished\":\"2026-09-02T07:23:58+00:00\",\"dateModified\":\"2026-09-02T07:25:09+00:00\",\"breadcrumb\":{\"@id\":\"https:\\\/\\\/www.historischeskolleg.de\\\/en\\\/event\\\/begruessungsabend-4\\\/#breadcrumb\"},\"inLanguage\":\"en-US\",\"potentialAction\":[{\"@type\":\"ReadAction\",\"target\":[\"https:\\\/\\\/www.historischeskolleg.de\\\/en\\\/event\\\/begruessungsabend-4\\\/\"]}]},{\"@type\":\"ImageObject\",\"inLanguage\":\"en-US\",\"@id\":\"https:\\\/\\\/www.historischeskolleg.de\\\/en\\\/event\\\/begruessungsabend-4\\\/#primaryimage\",\"url\":\"https:\\\/\\\/www.historischeskolleg.de\\\/wp-content\\\/uploads\\\/2025\\\/10\\\/Aktuelles_1-min.jpg\",\"contentUrl\":\"https:\\\/\\\/www.historischeskolleg.de\\\/wp-content\\\/uploads\\\/2025\\\/10\\\/Aktuelles_1-min.jpg\",\"width\":1523,\"height\":1263},{\"@type\":\"BreadcrumbList\",\"@id\":\"https:\\\/\\\/www.historischeskolleg.de\\\/en\\\/event\\\/begruessungsabend-4\\\/#breadcrumb\",\"itemListElement\":[{\"@type\":\"ListItem\",\"position\":1,\"name\":\"Home\",\"item\":\"https:\\\/\\\/www.historischeskolleg.de\\\/en\\\/\"},{\"@type\":\"ListItem\",\"position\":2,\"name\":\"Begr\u00fc\u00dfungsabend\"}]},{\"@type\":\"WebSite\",\"@id\":\"https:\\\/\\\/www.historischeskolleg.de\\\/en\\\/#website\",\"url\":\"https:\\\/\\\/www.historischeskolleg.de\\\/en\\\/\",\"name\":\"Historisches Kolleg\",\"description\":\"Institute for Advanced Study in History\",\"publisher\":{\"@id\":\"https:\\\/\\\/www.historischeskolleg.de\\\/en\\\/#organization\"},\"potentialAction\":[{\"@type\":\"SearchAction\",\"target\":{\"@type\":\"EntryPoint\",\"urlTemplate\":\"https:\\\/\\\/www.historischeskolleg.de\\\/en\\\/?s={search_term_string}\"},\"query-input\":{\"@type\":\"PropertyValueSpecification\",\"valueRequired\":true,\"valueName\":\"search_term_string\"}}],\"inLanguage\":\"en-US\"},{\"@type\":\"Organization\",\"@id\":\"https:\\\/\\\/www.historischeskolleg.de\\\/en\\\/#organization\",\"name\":\"Historisches Kolleg\",\"url\":\"https:\\\/\\\/www.historischeskolleg.de\\\/en\\\/\",\"logo\":{\"@type\":\"ImageObject\",\"inLanguage\":\"en-US\",\"@id\":\"https:\\\/\\\/www.historischeskolleg.de\\\/en\\\/#\\\/schema\\\/logo\\\/image\\\/\",\"url\":\"https:\\\/\\\/www.historischeskolleg.de\\\/wp-content\\\/uploads\\\/2021\\\/07\\\/cropped-HK_Logo_quer_blau_mitZusatz_transparent.png\",\"contentUrl\":\"https:\\\/\\\/www.historischeskolleg.de\\\/wp-content\\\/uploads\\\/2021\\\/07\\\/cropped-HK_Logo_quer_blau_mitZusatz_transparent.png\",\"width\":1300,\"height\":296,\"caption\":\"Historisches Kolleg\"},\"image\":{\"@id\":\"https:\\\/\\\/www.historischeskolleg.de\\\/en\\\/#\\\/schema\\\/logo\\\/image\\\/\"}}]}<\/script>\n<!-- \/ Yoast SEO plugin. -->","yoast_head_json":{"title":"Begr\u00fc\u00dfungsabend - Historisches Kolleg","robots":{"index":"index","follow":"follow","max-snippet":"max-snippet:-1","max-image-preview":"max-image-preview:large","max-video-preview":"max-video-preview:-1"},"canonical":"https:\/\/www.historischeskolleg.de\/en\/event\/begruessungsabend-4\/","og_locale":"en_US","og_type":"article","og_title":"Begr\u00fc\u00dfungsabend - Historisches Kolleg","og_url":"https:\/\/www.historischeskolleg.de\/en\/event\/begruessungsabend-4\/","og_site_name":"Historisches Kolleg","article_modified_time":"2026-09-02T07:25:09+00:00","og_image":[{"width":1523,"height":1263,"url":"https:\/\/www.historischeskolleg.de\/wp-content\/uploads\/2025\/10\/Aktuelles_1-min.jpg","type":"image\/jpeg"}],"twitter_card":"summary_large_image","twitter_misc":{"Est. reading time":"3 minutes"},"schema":{"@context":"https:\/\/schema.org","@graph":[{"@type":"WebPage","@id":"https:\/\/www.historischeskolleg.de\/en\/event\/begruessungsabend-4\/","url":"https:\/\/www.historischeskolleg.de\/en\/event\/begruessungsabend-4\/","name":"Begr\u00fc\u00dfungsabend - Historisches Kolleg","isPartOf":{"@id":"https:\/\/www.historischeskolleg.de\/en\/#website"},"primaryImageOfPage":{"@id":"https:\/\/www.historischeskolleg.de\/en\/event\/begruessungsabend-4\/#primaryimage"},"image":{"@id":"https:\/\/www.historischeskolleg.de\/en\/event\/begruessungsabend-4\/#primaryimage"},"thumbnailUrl":"https:\/\/www.historischeskolleg.de\/wp-content\/uploads\/2025\/10\/Aktuelles_1-min.jpg","datePublished":"2026-09-02T07:23:58+00:00","dateModified":"2026-09-02T07:25:09+00:00","breadcrumb":{"@id":"https:\/\/www.historischeskolleg.de\/en\/event\/begruessungsabend-4\/#breadcrumb"},"inLanguage":"en-US","potentialAction":[{"@type":"ReadAction","target":["https:\/\/www.historischeskolleg.de\/en\/event\/begruessungsabend-4\/"]}]},{"@type":"ImageObject","inLanguage":"en-US","@id":"https:\/\/www.historischeskolleg.de\/en\/event\/begruessungsabend-4\/#primaryimage","url":"https:\/\/www.historischeskolleg.de\/wp-content\/uploads\/2025\/10\/Aktuelles_1-min.jpg","contentUrl":"https:\/\/www.historischeskolleg.de\/wp-content\/uploads\/2025\/10\/Aktuelles_1-min.jpg","width":1523,"height":1263},{"@type":"BreadcrumbList","@id":"https:\/\/www.historischeskolleg.de\/en\/event\/begruessungsabend-4\/#breadcrumb","itemListElement":[{"@type":"ListItem","position":1,"name":"Home","item":"https:\/\/www.historischeskolleg.de\/en\/"},{"@type":"ListItem","position":2,"name":"Begr\u00fc\u00dfungsabend"}]},{"@type":"WebSite","@id":"https:\/\/www.historischeskolleg.de\/en\/#website","url":"https:\/\/www.historischeskolleg.de\/en\/","name":"Historisches Kolleg","description":"Institute for Advanced Study in History","publisher":{"@id":"https:\/\/www.historischeskolleg.de\/en\/#organization"},"potentialAction":[{"@type":"SearchAction","target":{"@type":"EntryPoint","urlTemplate":"https:\/\/www.historischeskolleg.de\/en\/?s={search_term_string}"},"query-input":{"@type":"PropertyValueSpecification","valueRequired":true,"valueName":"search_term_string"}}],"inLanguage":"en-US"},{"@type":"Organization","@id":"https:\/\/www.historischeskolleg.de\/en\/#organization","name":"Historisches Kolleg","url":"https:\/\/www.historischeskolleg.de\/en\/","logo":{"@type":"ImageObject","inLanguage":"en-US","@id":"https:\/\/www.historischeskolleg.de\/en\/#\/schema\/logo\/image\/","url":"https:\/\/www.historischeskolleg.de\/wp-content\/uploads\/2021\/07\/cropped-HK_Logo_quer_blau_mitZusatz_transparent.png","contentUrl":"https:\/\/www.historischeskolleg.de\/wp-content\/uploads\/2021\/07\/cropped-HK_Logo_quer_blau_mitZusatz_transparent.png","width":1300,"height":296,"caption":"Historisches Kolleg"},"image":{"@id":"https:\/\/www.historischeskolleg.de\/en\/#\/schema\/logo\/image\/"}}]}},"_links":{"self":[{"href":"https:\/\/www.historischeskolleg.de\/en\/wp-json\/wp\/v2\/event_listing\/13611","targetHints":{"allow":["GET"]}}],"collection":[{"href":"https:\/\/www.historischeskolleg.de\/en\/wp-json\/wp\/v2\/event_listing"}],"about":[{"href":"https:\/\/www.historischeskolleg.de\/en\/wp-json\/wp\/v2\/types\/event_listing"}],"wp:featuredmedia":[{"embeddable":true,"href":"https:\/\/www.historischeskolleg.de\/en\/wp-json\/wp\/v2\/media\/12517"}],"wp:attachment":[{"href":"https:\/\/www.historischeskolleg.de\/en\/wp-json\/wp\/v2\/media?parent=13611"}],"wp:term":[{"taxonomy":"event_listing_category","embeddable":true,"href":"https:\/\/www.historischeskolleg.de\/en\/wp-json\/wp\/v2\/event_listing_category?post=13611"},{"taxonomy":"event_listing_type","embeddable":true,"href":"https:\/\/www.historischeskolleg.de\/en\/wp-json\/wp\/v2\/event_listing_type?post=13611"}],"curies":[{"name":"wp","href":"https:\/\/api.w.org\/{rel}","templated":true}]}}

Begrüßungsabend

<p class="wp-block-paragraph"></p>



<p class="wp-block-paragraph">Zur offiziellen Eröffnung des Kollegjahres 2026/2027 die Fellows stellen sich und ihre Forschungsvorhaben vor. Die Kuratoriumsvorsitzende Prof. Dr. Elke Seefried geht mit den neuen Stipendiaten ins Gespräch und erörtert gemeinsam mit ihnen ihre Vita und geplante Studie. </p>



<p class="wp-block-paragraph">Julia Exarchos ist Nachwuchsgruppenleiterin am Lehrstuhl für Mittlere Geschichte der RWTH Aachen. &nbsp;Als Consolidator Fellow bearbeitet sie im Kollegjahr 2026/2027 ihr Forschungsprojekt <strong>Zwischen Abhängigkeit, Armut und ökonomischer Integration: Die arbeitenden Armen und ihre Funktionsträger und Funktionsträgerinnen im Reich (1300–1600)</strong>.</p>



<p class="wp-block-paragraph">Omar Gueye, Professeur assimilé an der Université Cheikh Anta Diop de Dakar, erhält das Consolidator Fellowship Global South. Er forscht als Stipendiat der Bayerischen Akademie der Wissenschaften zum Thema <strong>Women of 1968. An African Odyssey.</strong></p>



<p class="wp-block-paragraph">Mathias Häußler erhält ein Consolidator Fellowship für die Weiterarbeit an seinem Forschungsvorhaben <strong>Deutschland als (Desti)Nation. Das Kaiserreich im touristischen Wettbewerb um 1900.</strong> Er ist Akademischer Rat a.Z. am Lehrstuhl für Europäische Geschichte an der Universität Regensburg. Er erhält das Stipendium des Historischen Seminars der LMU und des Freundeskreises des Historischen Kollegs.</p>



<p class="wp-block-paragraph">Lisbeth Matzer ist Akademische Rätin a.Z. am Lehrstuhl für Neueste Geschichte und Zeitgeschichte der LMU München. Als Consolidator Fellow arbeitet sie an ihrem Buchprojekt <strong>In Vino Europa. Eine Produktgeschichte europäischer Integration</strong> weiter. Sie ist Stipendiatin der Gerda Henkel Stiftung.</p>



<p class="wp-block-paragraph">Sören Urbansky ist Inhaber des Lehrstuhls für Osteuropäische Geschichte an der Ruhr Universität Bochum. Als Advanced Fellow widmet er sich im kommenden 47. Kollegjahr dem Thema <strong>Die Gelbe Gefahr. Ein Schlagwort und sein Widerhall am Pazifik</strong><em>.</em> Er ist Stipendiat des Käte Hamburger Kollegs global dis:connect und des Freistaats Bayern.</p>



<p class="wp-block-paragraph">Johannes Wienand, Universitätsprofessor für Alte Geschichte an der Technischen Universität Braunschweig, erhält das Advanced Fellowship zur Fortführung seines Projektes <strong>Panegyrik als Interferenzraum: Zur Vermessung monarchischer Autorität zwischen Antike und Mittelalter.</strong> Er ist Fellow der Fritz Thyssen Stiftung.</p>



<p class="wp-block-paragraph">Mit dem neuen Jahrgang sind seit der Gründung des Historischen Kollegs im Jahr 1980 insgesamt 198 Fellows in den Genuss eines einjährigen Stipendiums gelangt.</p>



<p class="wp-block-paragraph">Einlass ist ab 18.30 Uhr bis maximal zum Veranstaltungsbeginn. Die Zahl der Sitzplätze ist begrenzt. Der Zugang zum Haus ist nicht barrierefrei.</p>



<p class="wp-block-paragraph">Die Veranstaltungen werden mit Foto und Video dokumentiert. Mit Ihrer Teilnahme erklären Sie sich mit der Aufzeichnung und deren Nutzung im Rahmen der Öffentlichkeitsarbeit des Historischen Kollegs</p>

<!-- This site is optimized with the Yoast SEO plugin v28.3 - https://yoast.com/product/yoast-seo-wordpress/ -->
<title>Begrüßungsabend - Historisches Kolleg</title>
<meta name="robots" content="index, follow, max-snippet:-1, max-image-preview:large, max-video-preview:-1" />
<link rel="canonical" href="https://www.historischeskolleg.de/en/event/begruessungsabend-4/" />
<meta property="og:locale" content="en_US" />
<meta property="og:type" content="article" />
<meta property="og:title" content="Begrüßungsabend - Historisches Kolleg" />
<meta property="og:url" content="https://www.historischeskolleg.de/en/event/begruessungsabend-4/" />
<meta property="og:site_name" content="Historisches Kolleg" />
<meta property="article:modified_time" content="2026-09-02T07:25:09+00:00" />
<meta property="og:image" content="https://www.historischeskolleg.de/wp-content/uploads/2025/10/Aktuelles_1-min.jpg" />
	<meta property="og:image:width" content="1523" />
	<meta property="og:image:height" content="1263" />
	<meta property="og:image:type" content="image/jpeg" />
<meta name="twitter:card" content="summary_large_image" />
<meta name="twitter:label1" content="Est. reading time" />
	<meta name="twitter:data1" content="3 minutes" />
<script type="application/ld+json" class="yoast-schema-graph">{"@context":"https:\/\/schema.org","@graph":[{"@type":"WebPage","@id":"https:\/\/www.historischeskolleg.de\/en\/event\/begruessungsabend-4\/","url":"https:\/\/www.historischeskolleg.de\/en\/event\/begruessungsabend-4\/","name":"Begrüßungsabend - Historisches Kolleg","isPartOf":{"@id":"https:\/\/www.historischeskolleg.de\/en\/#website"},"primaryImageOfPage":{"@id":"https:\/\/www.historischeskolleg.de\/en\/event\/begruessungsabend-4\/#primaryimage"},"image":{"@id":"https:\/\/www.historischeskolleg.de\/en\/event\/begruessungsabend-4\/#primaryimage"},"thumbnailUrl":"https:\/\/www.historischeskolleg.de\/wp-content\/uploads\/2025\/10\/Aktuelles_1-min.jpg","datePublished":"2026-09-02T07:23:58+00:00","dateModified":"2026-09-02T07:25:09+00:00","breadcrumb":{"@id":"https:\/\/www.historischeskolleg.de\/en\/event\/begruessungsabend-4\/#breadcrumb"},"inLanguage":"en-US","potentialAction":[{"@type":"ReadAction","target":["https:\/\/www.historischeskolleg.de\/en\/event\/begruessungsabend-4\/"]}]},{"@type":"ImageObject","inLanguage":"en-US","@id":"https:\/\/www.historischeskolleg.de\/en\/event\/begruessungsabend-4\/#primaryimage","url":"https:\/\/www.historischeskolleg.de\/wp-content\/uploads\/2025\/10\/Aktuelles_1-min.jpg","contentUrl":"https:\/\/www.historischeskolleg.de\/wp-content\/uploads\/2025\/10\/Aktuelles_1-min.jpg","width":1523,"height":1263},{"@type":"BreadcrumbList","@id":"https:\/\/www.historischeskolleg.de\/en\/event\/begruessungsabend-4\/#breadcrumb","itemListElement":[{"@type":"ListItem","position":1,"name":"Home","item":"https:\/\/www.historischeskolleg.de\/en\/"},{"@type":"ListItem","position":2,"name":"Begrüßungsabend"}]},{"@type":"WebSite","@id":"https:\/\/www.historischeskolleg.de\/en\/#website","url":"https:\/\/www.historischeskolleg.de\/en\/","name":"Historisches Kolleg","description":"Institute for Advanced Study in History","publisher":{"@id":"https:\/\/www.historischeskolleg.de\/en\/#organization"},"potentialAction":[{"@type":"SearchAction","target":{"@type":"EntryPoint","urlTemplate":"https:\/\/www.historischeskolleg.de\/en\/?s={search_term_string}"},"query-input":{"@type":"PropertyValueSpecification","valueRequired":true,"valueName":"search_term_string"}}],"inLanguage":"en-US"},{"@type":"Organization","@id":"https:\/\/www.historischeskolleg.de\/en\/#organization","name":"Historisches Kolleg","url":"https:\/\/www.historischeskolleg.de\/en\/","logo":{"@type":"ImageObject","inLanguage":"en-US","@id":"https:\/\/www.historischeskolleg.de\/en\/#\/schema\/logo\/image\/","url":"https:\/\/www.historischeskolleg.de\/wp-content\/uploads\/2021\/07\/cropped-HK_Logo_quer_blau_mitZusatz_transparent.png","contentUrl":"https:\/\/www.historischeskolleg.de\/wp-content\/uploads\/2021\/07\/cropped-HK_Logo_quer_blau_mitZusatz_transparent.png","width":1300,"height":296,"caption":"Historisches Kolleg"},"image":{"@id":"https:\/\/www.historischeskolleg.de\/en\/#\/schema\/logo\/image\/"}}]}</script>
<!-- / Yoast SEO plugin. -->

Begrüßungsabend - Historisches Kolleg
