{"id":13507,"date":"2026-04-27T12:06:29","date_gmt":"2026-04-27T10:06:29","guid":{"rendered":"https:\/\/www.historischeskolleg.de\/?post_type=event_listing&#038;p=13507"},"modified":"2026-04-30T11:33:44","modified_gmt":"2026-04-30T09:33:44","slug":"bismarck-als-machtpolitiker","status":"publish","type":"event_listing","link":"https:\/\/www.historischeskolleg.de\/en\/event\/bismarck-als-machtpolitiker\/","title":{"rendered":"Bismarck als Machtpolitiker und Krisenmanager &#8211; Bemerkungen zu einem vieldiskutierten und doch aktuellen Thema"},"content":{"rendered":"\n<p><strong>Vortrag von Prof. Dr. Holger Afflerbach<\/strong><\/p>\n\n\n\n<p>\u00dcber Bismarck als Macht- und Realpolitiker ist bereits sehr viel geschrieben worden. Weshalb&nbsp; ist es trotzdem sinnvoll, auf das Thema zur\u00fcckzukommen? Die Geschichte ist die stete Wiederkehr \u00e4hnlicher Probleme, und wir werden heute mit Fragen konfrontiert, die wir f\u00fcr \u00fcberwunden hielten. Wir leben, so Friedrich Merz, in Zeiten, \u201edie wieder einmal offen von Macht und vor allem von Gro\u00dfmachtpolitik gepr\u00e4gt sind.\u201c<\/p>\n\n\n\n<p>Otto von Bismarck war eine problematische Figur, aber ein versierter Machtpolitiker. Der Vortrag soll zur Diskussion \u00fcber die Machtfrage in den zwischenstaatlichen Beziehungen einladen. Wie ging Bismarck, als \u201eHalbhegemon\u201c Europas, mit der Machtfrage um? Argumentierte er mit Thukydides, demzufolge&nbsp; es \u201eder nat\u00fcrlichen Ordnung der Dinge entspricht, dass die Starken die Schwachen beherrschen\u201c? Oder betrieb er eine deutlich komplexere Politik des \u201eManagement and Control\u201c, um mit dem amerikanischen Historiker Paul Schroeder zu sprechen? Hatte er klare Prinzipien und Pr\u00e4ferenzen oder war er ein Opportunist und Populist, der fallweise entschied? Der Vortrag wird den Zeitraum vom Berliner Kongress 1878 bis zu Bismarcks Entlassung 1890 behandeln.<\/p>\n\n\n\n<p>Einlass ist ab 18.30 Uhr bis maximal zum Veranstaltungsbeginn. Die Zahl der Sitzpl\u00e4tze ist begrenzt. Der Zugang zum Haus ist nicht barrierefrei.<\/p>\n\n\n\n<p>Die Veranstaltungen werden mit Foto und Video dokumentiert. Mit Ihrer Teilnahme erkl\u00e4ren Sie sich mit der Aufzeichnung und deren Nutzung im Rahmen der \u00d6ffentlichkeitsarbeit des Historischen Kollegs einverstanden.<\/p>\n","protected":false},"featured_media":5925,"template":"","meta":[],"event_listing_category":[],"event_listing_type":[82],"class_list":["post-13507","event_listing","type-event_listing","status-publish","has-post-thumbnail","hentry","event_listing_type-vortrag"],"acf":[],"yoast_head":"<!-- This site is optimized with the Yoast SEO plugin v27.3 - https:\/\/yoast.com\/product\/yoast-seo-wordpress\/ -->\n<title>Bismarck als Machtpolitiker und Krisenmanager - Bemerkungen zu einem vieldiskutierten und doch aktuellen Thema - Historisches Kolleg<\/title>\n<meta name=\"robots\" content=\"index, follow, max-snippet:-1, max-image-preview:large, max-video-preview:-1\" \/>\n<link rel=\"canonical\" href=\"https:\/\/www.historischeskolleg.de\/en\/event\/bismarck-als-machtpolitiker\/\" \/>\n<meta property=\"og:locale\" content=\"en_US\" \/>\n<meta property=\"og:type\" content=\"article\" \/>\n<meta property=\"og:title\" content=\"Bismarck als Machtpolitiker und Krisenmanager - Bemerkungen zu einem vieldiskutierten und doch aktuellen Thema - Historisches Kolleg\" \/>\n<meta property=\"og:url\" content=\"https:\/\/www.historischeskolleg.de\/en\/event\/bismarck-als-machtpolitiker\/\" \/>\n<meta property=\"og:site_name\" content=\"Historisches Kolleg\" \/>\n<meta property=\"article:modified_time\" content=\"2026-04-30T09:33:44+00:00\" \/>\n<meta property=\"og:image\" content=\"https:\/\/www.historischeskolleg.de\/app\/uploads\/2014\/11\/Haus_Nacht.jpg\" \/>\n\t<meta property=\"og:image:width\" content=\"1523\" \/>\n\t<meta property=\"og:image:height\" content=\"1263\" \/>\n\t<meta property=\"og:image:type\" content=\"image\/jpeg\" \/>\n<meta name=\"twitter:card\" content=\"summary_large_image\" \/>\n<meta name=\"twitter:label1\" content=\"Est. reading time\" \/>\n\t<meta name=\"twitter:data1\" content=\"2 minutes\" \/>\n<script type=\"application\/ld+json\" class=\"yoast-schema-graph\">{\"@context\":\"https:\\\/\\\/schema.org\",\"@graph\":[{\"@type\":\"WebPage\",\"@id\":\"https:\\\/\\\/www.historischeskolleg.de\\\/en\\\/event\\\/bismarck-als-machtpolitiker\\\/\",\"url\":\"https:\\\/\\\/www.historischeskolleg.de\\\/en\\\/event\\\/bismarck-als-machtpolitiker\\\/\",\"name\":\"Bismarck als Machtpolitiker und Krisenmanager - Bemerkungen zu einem vieldiskutierten und doch aktuellen Thema - Historisches Kolleg\",\"isPartOf\":{\"@id\":\"https:\\\/\\\/www.historischeskolleg.de\\\/en\\\/#website\"},\"primaryImageOfPage\":{\"@id\":\"https:\\\/\\\/www.historischeskolleg.de\\\/en\\\/event\\\/bismarck-als-machtpolitiker\\\/#primaryimage\"},\"image\":{\"@id\":\"https:\\\/\\\/www.historischeskolleg.de\\\/en\\\/event\\\/bismarck-als-machtpolitiker\\\/#primaryimage\"},\"thumbnailUrl\":\"https:\\\/\\\/www.historischeskolleg.de\\\/app\\\/uploads\\\/2014\\\/11\\\/Haus_Nacht.jpg\",\"datePublished\":\"2026-04-27T10:06:29+00:00\",\"dateModified\":\"2026-04-30T09:33:44+00:00\",\"breadcrumb\":{\"@id\":\"https:\\\/\\\/www.historischeskolleg.de\\\/en\\\/event\\\/bismarck-als-machtpolitiker\\\/#breadcrumb\"},\"inLanguage\":\"en-US\",\"potentialAction\":[{\"@type\":\"ReadAction\",\"target\":[\"https:\\\/\\\/www.historischeskolleg.de\\\/en\\\/event\\\/bismarck-als-machtpolitiker\\\/\"]}]},{\"@type\":\"ImageObject\",\"inLanguage\":\"en-US\",\"@id\":\"https:\\\/\\\/www.historischeskolleg.de\\\/en\\\/event\\\/bismarck-als-machtpolitiker\\\/#primaryimage\",\"url\":\"https:\\\/\\\/www.historischeskolleg.de\\\/app\\\/uploads\\\/2014\\\/11\\\/Haus_Nacht.jpg\",\"contentUrl\":\"https:\\\/\\\/www.historischeskolleg.de\\\/app\\\/uploads\\\/2014\\\/11\\\/Haus_Nacht.jpg\",\"width\":1523,\"height\":1263},{\"@type\":\"BreadcrumbList\",\"@id\":\"https:\\\/\\\/www.historischeskolleg.de\\\/en\\\/event\\\/bismarck-als-machtpolitiker\\\/#breadcrumb\",\"itemListElement\":[{\"@type\":\"ListItem\",\"position\":1,\"name\":\"Home\",\"item\":\"https:\\\/\\\/www.historischeskolleg.de\\\/en\\\/\"},{\"@type\":\"ListItem\",\"position\":2,\"name\":\"Bismarck als Machtpolitiker und Krisenmanager &#8211; Bemerkungen zu einem vieldiskutierten und doch aktuellen Thema\"}]},{\"@type\":\"WebSite\",\"@id\":\"https:\\\/\\\/www.historischeskolleg.de\\\/en\\\/#website\",\"url\":\"https:\\\/\\\/www.historischeskolleg.de\\\/en\\\/\",\"name\":\"Historisches Kolleg\",\"description\":\"Institute for Advanced Study in History\",\"publisher\":{\"@id\":\"https:\\\/\\\/www.historischeskolleg.de\\\/en\\\/#organization\"},\"potentialAction\":[{\"@type\":\"SearchAction\",\"target\":{\"@type\":\"EntryPoint\",\"urlTemplate\":\"https:\\\/\\\/www.historischeskolleg.de\\\/en\\\/?s={search_term_string}\"},\"query-input\":{\"@type\":\"PropertyValueSpecification\",\"valueRequired\":true,\"valueName\":\"search_term_string\"}}],\"inLanguage\":\"en-US\"},{\"@type\":\"Organization\",\"@id\":\"https:\\\/\\\/www.historischeskolleg.de\\\/en\\\/#organization\",\"name\":\"Historisches Kolleg\",\"url\":\"https:\\\/\\\/www.historischeskolleg.de\\\/en\\\/\",\"logo\":{\"@type\":\"ImageObject\",\"inLanguage\":\"en-US\",\"@id\":\"https:\\\/\\\/www.historischeskolleg.de\\\/en\\\/#\\\/schema\\\/logo\\\/image\\\/\",\"url\":\"https:\\\/\\\/www.historischeskolleg.de\\\/app\\\/uploads\\\/2021\\\/07\\\/cropped-HK_Logo_quer_blau_mitZusatz_transparent.png\",\"contentUrl\":\"https:\\\/\\\/www.historischeskolleg.de\\\/app\\\/uploads\\\/2021\\\/07\\\/cropped-HK_Logo_quer_blau_mitZusatz_transparent.png\",\"width\":1300,\"height\":296,\"caption\":\"Historisches Kolleg\"},\"image\":{\"@id\":\"https:\\\/\\\/www.historischeskolleg.de\\\/en\\\/#\\\/schema\\\/logo\\\/image\\\/\"}}]}<\/script>\n<!-- \/ Yoast SEO plugin. -->","yoast_head_json":{"title":"Bismarck als Machtpolitiker und Krisenmanager - Bemerkungen zu einem vieldiskutierten und doch aktuellen Thema - Historisches Kolleg","robots":{"index":"index","follow":"follow","max-snippet":"max-snippet:-1","max-image-preview":"max-image-preview:large","max-video-preview":"max-video-preview:-1"},"canonical":"https:\/\/www.historischeskolleg.de\/en\/event\/bismarck-als-machtpolitiker\/","og_locale":"en_US","og_type":"article","og_title":"Bismarck als Machtpolitiker und Krisenmanager - Bemerkungen zu einem vieldiskutierten und doch aktuellen Thema - Historisches Kolleg","og_url":"https:\/\/www.historischeskolleg.de\/en\/event\/bismarck-als-machtpolitiker\/","og_site_name":"Historisches Kolleg","article_modified_time":"2026-04-30T09:33:44+00:00","og_image":[{"width":1523,"height":1263,"url":"https:\/\/www.historischeskolleg.de\/app\/uploads\/2014\/11\/Haus_Nacht.jpg","type":"image\/jpeg"}],"twitter_card":"summary_large_image","twitter_misc":{"Est. reading time":"2 minutes"},"schema":{"@context":"https:\/\/schema.org","@graph":[{"@type":"WebPage","@id":"https:\/\/www.historischeskolleg.de\/en\/event\/bismarck-als-machtpolitiker\/","url":"https:\/\/www.historischeskolleg.de\/en\/event\/bismarck-als-machtpolitiker\/","name":"Bismarck als Machtpolitiker und Krisenmanager - Bemerkungen zu einem vieldiskutierten und doch aktuellen Thema - Historisches Kolleg","isPartOf":{"@id":"https:\/\/www.historischeskolleg.de\/en\/#website"},"primaryImageOfPage":{"@id":"https:\/\/www.historischeskolleg.de\/en\/event\/bismarck-als-machtpolitiker\/#primaryimage"},"image":{"@id":"https:\/\/www.historischeskolleg.de\/en\/event\/bismarck-als-machtpolitiker\/#primaryimage"},"thumbnailUrl":"https:\/\/www.historischeskolleg.de\/app\/uploads\/2014\/11\/Haus_Nacht.jpg","datePublished":"2026-04-27T10:06:29+00:00","dateModified":"2026-04-30T09:33:44+00:00","breadcrumb":{"@id":"https:\/\/www.historischeskolleg.de\/en\/event\/bismarck-als-machtpolitiker\/#breadcrumb"},"inLanguage":"en-US","potentialAction":[{"@type":"ReadAction","target":["https:\/\/www.historischeskolleg.de\/en\/event\/bismarck-als-machtpolitiker\/"]}]},{"@type":"ImageObject","inLanguage":"en-US","@id":"https:\/\/www.historischeskolleg.de\/en\/event\/bismarck-als-machtpolitiker\/#primaryimage","url":"https:\/\/www.historischeskolleg.de\/app\/uploads\/2014\/11\/Haus_Nacht.jpg","contentUrl":"https:\/\/www.historischeskolleg.de\/app\/uploads\/2014\/11\/Haus_Nacht.jpg","width":1523,"height":1263},{"@type":"BreadcrumbList","@id":"https:\/\/www.historischeskolleg.de\/en\/event\/bismarck-als-machtpolitiker\/#breadcrumb","itemListElement":[{"@type":"ListItem","position":1,"name":"Home","item":"https:\/\/www.historischeskolleg.de\/en\/"},{"@type":"ListItem","position":2,"name":"Bismarck als Machtpolitiker und Krisenmanager &#8211; Bemerkungen zu einem vieldiskutierten und doch aktuellen Thema"}]},{"@type":"WebSite","@id":"https:\/\/www.historischeskolleg.de\/en\/#website","url":"https:\/\/www.historischeskolleg.de\/en\/","name":"Historisches Kolleg","description":"Institute for Advanced Study in History","publisher":{"@id":"https:\/\/www.historischeskolleg.de\/en\/#organization"},"potentialAction":[{"@type":"SearchAction","target":{"@type":"EntryPoint","urlTemplate":"https:\/\/www.historischeskolleg.de\/en\/?s={search_term_string}"},"query-input":{"@type":"PropertyValueSpecification","valueRequired":true,"valueName":"search_term_string"}}],"inLanguage":"en-US"},{"@type":"Organization","@id":"https:\/\/www.historischeskolleg.de\/en\/#organization","name":"Historisches Kolleg","url":"https:\/\/www.historischeskolleg.de\/en\/","logo":{"@type":"ImageObject","inLanguage":"en-US","@id":"https:\/\/www.historischeskolleg.de\/en\/#\/schema\/logo\/image\/","url":"https:\/\/www.historischeskolleg.de\/app\/uploads\/2021\/07\/cropped-HK_Logo_quer_blau_mitZusatz_transparent.png","contentUrl":"https:\/\/www.historischeskolleg.de\/app\/uploads\/2021\/07\/cropped-HK_Logo_quer_blau_mitZusatz_transparent.png","width":1300,"height":296,"caption":"Historisches Kolleg"},"image":{"@id":"https:\/\/www.historischeskolleg.de\/en\/#\/schema\/logo\/image\/"}}]}},"_links":{"self":[{"href":"https:\/\/www.historischeskolleg.de\/en\/wp-json\/wp\/v2\/event_listing\/13507","targetHints":{"allow":["GET"]}}],"collection":[{"href":"https:\/\/www.historischeskolleg.de\/en\/wp-json\/wp\/v2\/event_listing"}],"about":[{"href":"https:\/\/www.historischeskolleg.de\/en\/wp-json\/wp\/v2\/types\/event_listing"}],"wp:featuredmedia":[{"embeddable":true,"href":"https:\/\/www.historischeskolleg.de\/en\/wp-json\/wp\/v2\/media\/5925"}],"wp:attachment":[{"href":"https:\/\/www.historischeskolleg.de\/en\/wp-json\/wp\/v2\/media?parent=13507"}],"wp:term":[{"taxonomy":"event_listing_category","embeddable":true,"href":"https:\/\/www.historischeskolleg.de\/en\/wp-json\/wp\/v2\/event_listing_category?post=13507"},{"taxonomy":"event_listing_type","embeddable":true,"href":"https:\/\/www.historischeskolleg.de\/en\/wp-json\/wp\/v2\/event_listing_type?post=13507"}],"curies":[{"name":"wp","href":"https:\/\/api.w.org\/{rel}","templated":true}]}}

<p><strong>Vortrag von Prof. Dr. Holger Afflerbach</strong></p>



<p>Über Bismarck als Macht- und Realpolitiker ist bereits sehr viel geschrieben worden. Weshalb&nbsp; ist es trotzdem sinnvoll, auf das Thema zurückzukommen? Die Geschichte ist die stete Wiederkehr ähnlicher Probleme, und wir werden heute mit Fragen konfrontiert, die wir für überwunden hielten. Wir leben, so Friedrich Merz, in Zeiten, „die wieder einmal offen von Macht und vor allem von Großmachtpolitik geprägt sind.“</p>



<p>Otto von Bismarck war eine problematische Figur, aber ein versierter Machtpolitiker. Der Vortrag soll zur Diskussion über die Machtfrage in den zwischenstaatlichen Beziehungen einladen. Wie ging Bismarck, als „Halbhegemon“ Europas, mit der Machtfrage um? Argumentierte er mit Thukydides, demzufolge&nbsp; es „der natürlichen Ordnung der Dinge entspricht, dass die Starken die Schwachen beherrschen“? Oder betrieb er eine deutlich komplexere Politik des „Management and Control“, um mit dem amerikanischen Historiker Paul Schroeder zu sprechen? Hatte er klare Prinzipien und Präferenzen oder war er ein Opportunist und Populist, der fallweise entschied? Der Vortrag wird den Zeitraum vom Berliner Kongress 1878 bis zu Bismarcks Entlassung 1890 behandeln.</p>



<p>Einlass ist ab 18.30 Uhr bis maximal zum Veranstaltungsbeginn. Die Zahl der Sitzplätze ist begrenzt. Der Zugang zum Haus ist nicht barrierefrei.</p>



<p>Die Veranstaltungen werden mit Foto und Video dokumentiert. Mit Ihrer Teilnahme erklären Sie sich mit der Aufzeichnung und deren Nutzung im Rahmen der Öffentlichkeitsarbeit des Historischen Kollegs einverstanden.</p>
