{"id":12407,"date":"2025-09-03T10:19:29","date_gmt":"2025-09-03T08:19:29","guid":{"rendered":"https:\/\/www.historischeskolleg.de\/?post_type=event_listing&#038;p=12407"},"modified":"2025-11-10T13:01:09","modified_gmt":"2025-11-10T12:01:09","slug":"der-triumph-der-mode-eine-neue-weltgeschichte","status":"publish","type":"event_listing","link":"https:\/\/www.historischeskolleg.de\/en\/event\/der-triumph-der-mode-eine-neue-weltgeschichte\/","title":{"rendered":"Der Triumph der Mode: Eine neue Weltgeschichte"},"content":{"rendered":"\n<p><strong>Vortrag von Prof. Dr. Ulinka Rublack<\/strong><\/p>\n\n\n\n<p>Globale Geschichte zielt zunehmend darauf ab, Ver\u00e4nderungen von Einstellungen, Lebenstilen und Subjektivit\u00e4ten zu erfassen. Sie befasst sich mit sozialen Praktiken und Erz\u00e4hlungen, die im Alltagsleben und in der Vorstellungskraft verwurzelt sind. Die Geschichte der materiellen Kultur, insbesondere der Kleidung und der Mode, bietet dazu eine einzigartige Gelegenheit. Sie fragt, wer der Kleidung welche Bedeutung gab, warum und mit welcher Wirkung.\u00a0 Seit dem Mittelalter standen gr\u00f6\u00dfere Teile der Welt durch ihr Interesse an der Mode miteinander in Beziehung. Der erste Teil des Vortrags diskutiert Beispiele f\u00fcr das Aufkommen der Mode als globales Ph\u00e4nomen in einer multizentrischen Welt vor dem Zeitalter der europ\u00e4ischen Hegemonie ab 1800. Der zweite Teil befasst sich mit der Bedeutung von globalen Accessoires, die kulturelle Konvergenzen schufen. In einem letzten Teil wird der Frage nachgegangen, wie diese Entwicklungen die Wahrnehmung von kulturellen Unterschieden beeinflussten und wie sie \u00d6kologien und das Ethos der Textilproduktion auf dem Weg in moderne Welten transformierten. Mode ist somit nicht l\u00e4nger als eine westliche und moderne Erfindung zu verstehen. Die Erkenntnisse sind f\u00fcr die heutigen Diskussionen \u00fcber die Zukunft der Mode von entscheidender Bedeutung.\u00a0<\/p>\n\n\n\n<p>Einlass ist ab 18.30 Uhr bis maximal zum Veranstaltungsbeginn. Die Zahl der Sitzpl\u00e4tze ist begrenzt. Der Zugang zum Haus ist nicht barrierefrei.<\/p>\n\n\n\n<p>Die Veranstaltungen werden mit Foto und Video dokumentiert. Mit Ihrer Teilnahme erkl\u00e4ren Sie sich mit der Aufzeichnung und deren Nutzung im Rahmen der \u00d6ffentlichkeitsarbeit des Historischen Kollegs einverstanden.<\/p>\n","protected":false},"featured_media":10257,"template":"","meta":[],"event_listing_category":[],"event_listing_type":[82],"class_list":["post-12407","event_listing","type-event_listing","status-publish","has-post-thumbnail","hentry","event_listing_type-vortrag"],"acf":[],"yoast_head":"<!-- This site is optimized with the Yoast SEO plugin v27.3 - https:\/\/yoast.com\/product\/yoast-seo-wordpress\/ -->\n<title>Der Triumph der Mode: Eine neue Weltgeschichte - Historisches Kolleg<\/title>\n<meta name=\"robots\" content=\"index, follow, max-snippet:-1, max-image-preview:large, max-video-preview:-1\" \/>\n<link rel=\"canonical\" href=\"https:\/\/www.historischeskolleg.de\/en\/event\/der-triumph-der-mode-eine-neue-weltgeschichte\/\" \/>\n<meta property=\"og:locale\" content=\"en_US\" \/>\n<meta property=\"og:type\" content=\"article\" \/>\n<meta property=\"og:title\" content=\"Der Triumph der Mode: Eine neue Weltgeschichte - Historisches Kolleg\" \/>\n<meta property=\"og:url\" content=\"https:\/\/www.historischeskolleg.de\/en\/event\/der-triumph-der-mode-eine-neue-weltgeschichte\/\" \/>\n<meta property=\"og:site_name\" content=\"Historisches Kolleg\" \/>\n<meta property=\"article:modified_time\" content=\"2025-11-10T12:01:09+00:00\" \/>\n<meta property=\"og:image\" content=\"https:\/\/www.historischeskolleg.de\/app\/uploads\/2023\/10\/IMG_6776-scaled.jpg\" \/>\n\t<meta property=\"og:image:width\" content=\"2560\" \/>\n\t<meta property=\"og:image:height\" content=\"1707\" \/>\n\t<meta property=\"og:image:type\" content=\"image\/jpeg\" \/>\n<meta name=\"twitter:card\" content=\"summary_large_image\" \/>\n<meta name=\"twitter:label1\" content=\"Est. reading time\" \/>\n\t<meta name=\"twitter:data1\" content=\"2 minutes\" \/>\n<script type=\"application\/ld+json\" class=\"yoast-schema-graph\">{\"@context\":\"https:\\\/\\\/schema.org\",\"@graph\":[{\"@type\":\"WebPage\",\"@id\":\"https:\\\/\\\/www.historischeskolleg.de\\\/en\\\/event\\\/der-triumph-der-mode-eine-neue-weltgeschichte\\\/\",\"url\":\"https:\\\/\\\/www.historischeskolleg.de\\\/en\\\/event\\\/der-triumph-der-mode-eine-neue-weltgeschichte\\\/\",\"name\":\"Der Triumph der Mode: Eine neue Weltgeschichte - Historisches Kolleg\",\"isPartOf\":{\"@id\":\"https:\\\/\\\/www.historischeskolleg.de\\\/en\\\/#website\"},\"primaryImageOfPage\":{\"@id\":\"https:\\\/\\\/www.historischeskolleg.de\\\/en\\\/event\\\/der-triumph-der-mode-eine-neue-weltgeschichte\\\/#primaryimage\"},\"image\":{\"@id\":\"https:\\\/\\\/www.historischeskolleg.de\\\/en\\\/event\\\/der-triumph-der-mode-eine-neue-weltgeschichte\\\/#primaryimage\"},\"thumbnailUrl\":\"https:\\\/\\\/www.historischeskolleg.de\\\/app\\\/uploads\\\/2023\\\/10\\\/IMG_6776-scaled.jpg\",\"datePublished\":\"2025-09-03T08:19:29+00:00\",\"dateModified\":\"2025-11-10T12:01:09+00:00\",\"breadcrumb\":{\"@id\":\"https:\\\/\\\/www.historischeskolleg.de\\\/en\\\/event\\\/der-triumph-der-mode-eine-neue-weltgeschichte\\\/#breadcrumb\"},\"inLanguage\":\"en-US\",\"potentialAction\":[{\"@type\":\"ReadAction\",\"target\":[\"https:\\\/\\\/www.historischeskolleg.de\\\/en\\\/event\\\/der-triumph-der-mode-eine-neue-weltgeschichte\\\/\"]}]},{\"@type\":\"ImageObject\",\"inLanguage\":\"en-US\",\"@id\":\"https:\\\/\\\/www.historischeskolleg.de\\\/en\\\/event\\\/der-triumph-der-mode-eine-neue-weltgeschichte\\\/#primaryimage\",\"url\":\"https:\\\/\\\/www.historischeskolleg.de\\\/app\\\/uploads\\\/2023\\\/10\\\/IMG_6776-scaled.jpg\",\"contentUrl\":\"https:\\\/\\\/www.historischeskolleg.de\\\/app\\\/uploads\\\/2023\\\/10\\\/IMG_6776-scaled.jpg\",\"width\":2560,\"height\":1707,\"caption\":\"Im Vortragssaal des Historischen Kollegs\"},{\"@type\":\"BreadcrumbList\",\"@id\":\"https:\\\/\\\/www.historischeskolleg.de\\\/en\\\/event\\\/der-triumph-der-mode-eine-neue-weltgeschichte\\\/#breadcrumb\",\"itemListElement\":[{\"@type\":\"ListItem\",\"position\":1,\"name\":\"Home\",\"item\":\"https:\\\/\\\/www.historischeskolleg.de\\\/en\\\/\"},{\"@type\":\"ListItem\",\"position\":2,\"name\":\"Der Triumph der Mode: Eine neue Weltgeschichte\"}]},{\"@type\":\"WebSite\",\"@id\":\"https:\\\/\\\/www.historischeskolleg.de\\\/en\\\/#website\",\"url\":\"https:\\\/\\\/www.historischeskolleg.de\\\/en\\\/\",\"name\":\"Historisches Kolleg\",\"description\":\"Institute for Advanced Study in History\",\"publisher\":{\"@id\":\"https:\\\/\\\/www.historischeskolleg.de\\\/en\\\/#organization\"},\"potentialAction\":[{\"@type\":\"SearchAction\",\"target\":{\"@type\":\"EntryPoint\",\"urlTemplate\":\"https:\\\/\\\/www.historischeskolleg.de\\\/en\\\/?s={search_term_string}\"},\"query-input\":{\"@type\":\"PropertyValueSpecification\",\"valueRequired\":true,\"valueName\":\"search_term_string\"}}],\"inLanguage\":\"en-US\"},{\"@type\":\"Organization\",\"@id\":\"https:\\\/\\\/www.historischeskolleg.de\\\/en\\\/#organization\",\"name\":\"Historisches Kolleg\",\"url\":\"https:\\\/\\\/www.historischeskolleg.de\\\/en\\\/\",\"logo\":{\"@type\":\"ImageObject\",\"inLanguage\":\"en-US\",\"@id\":\"https:\\\/\\\/www.historischeskolleg.de\\\/en\\\/#\\\/schema\\\/logo\\\/image\\\/\",\"url\":\"https:\\\/\\\/www.historischeskolleg.de\\\/app\\\/uploads\\\/2021\\\/07\\\/cropped-HK_Logo_quer_blau_mitZusatz_transparent.png\",\"contentUrl\":\"https:\\\/\\\/www.historischeskolleg.de\\\/app\\\/uploads\\\/2021\\\/07\\\/cropped-HK_Logo_quer_blau_mitZusatz_transparent.png\",\"width\":1300,\"height\":296,\"caption\":\"Historisches Kolleg\"},\"image\":{\"@id\":\"https:\\\/\\\/www.historischeskolleg.de\\\/en\\\/#\\\/schema\\\/logo\\\/image\\\/\"}}]}<\/script>\n<!-- \/ Yoast SEO plugin. -->","yoast_head_json":{"title":"Der Triumph der Mode: Eine neue Weltgeschichte - Historisches Kolleg","robots":{"index":"index","follow":"follow","max-snippet":"max-snippet:-1","max-image-preview":"max-image-preview:large","max-video-preview":"max-video-preview:-1"},"canonical":"https:\/\/www.historischeskolleg.de\/en\/event\/der-triumph-der-mode-eine-neue-weltgeschichte\/","og_locale":"en_US","og_type":"article","og_title":"Der Triumph der Mode: Eine neue Weltgeschichte - Historisches Kolleg","og_url":"https:\/\/www.historischeskolleg.de\/en\/event\/der-triumph-der-mode-eine-neue-weltgeschichte\/","og_site_name":"Historisches Kolleg","article_modified_time":"2025-11-10T12:01:09+00:00","og_image":[{"width":2560,"height":1707,"url":"https:\/\/www.historischeskolleg.de\/app\/uploads\/2023\/10\/IMG_6776-scaled.jpg","type":"image\/jpeg"}],"twitter_card":"summary_large_image","twitter_misc":{"Est. reading time":"2 minutes"},"schema":{"@context":"https:\/\/schema.org","@graph":[{"@type":"WebPage","@id":"https:\/\/www.historischeskolleg.de\/en\/event\/der-triumph-der-mode-eine-neue-weltgeschichte\/","url":"https:\/\/www.historischeskolleg.de\/en\/event\/der-triumph-der-mode-eine-neue-weltgeschichte\/","name":"Der Triumph der Mode: Eine neue Weltgeschichte - Historisches Kolleg","isPartOf":{"@id":"https:\/\/www.historischeskolleg.de\/en\/#website"},"primaryImageOfPage":{"@id":"https:\/\/www.historischeskolleg.de\/en\/event\/der-triumph-der-mode-eine-neue-weltgeschichte\/#primaryimage"},"image":{"@id":"https:\/\/www.historischeskolleg.de\/en\/event\/der-triumph-der-mode-eine-neue-weltgeschichte\/#primaryimage"},"thumbnailUrl":"https:\/\/www.historischeskolleg.de\/app\/uploads\/2023\/10\/IMG_6776-scaled.jpg","datePublished":"2025-09-03T08:19:29+00:00","dateModified":"2025-11-10T12:01:09+00:00","breadcrumb":{"@id":"https:\/\/www.historischeskolleg.de\/en\/event\/der-triumph-der-mode-eine-neue-weltgeschichte\/#breadcrumb"},"inLanguage":"en-US","potentialAction":[{"@type":"ReadAction","target":["https:\/\/www.historischeskolleg.de\/en\/event\/der-triumph-der-mode-eine-neue-weltgeschichte\/"]}]},{"@type":"ImageObject","inLanguage":"en-US","@id":"https:\/\/www.historischeskolleg.de\/en\/event\/der-triumph-der-mode-eine-neue-weltgeschichte\/#primaryimage","url":"https:\/\/www.historischeskolleg.de\/app\/uploads\/2023\/10\/IMG_6776-scaled.jpg","contentUrl":"https:\/\/www.historischeskolleg.de\/app\/uploads\/2023\/10\/IMG_6776-scaled.jpg","width":2560,"height":1707,"caption":"Im Vortragssaal des Historischen Kollegs"},{"@type":"BreadcrumbList","@id":"https:\/\/www.historischeskolleg.de\/en\/event\/der-triumph-der-mode-eine-neue-weltgeschichte\/#breadcrumb","itemListElement":[{"@type":"ListItem","position":1,"name":"Home","item":"https:\/\/www.historischeskolleg.de\/en\/"},{"@type":"ListItem","position":2,"name":"Der Triumph der Mode: Eine neue Weltgeschichte"}]},{"@type":"WebSite","@id":"https:\/\/www.historischeskolleg.de\/en\/#website","url":"https:\/\/www.historischeskolleg.de\/en\/","name":"Historisches Kolleg","description":"Institute for Advanced Study in History","publisher":{"@id":"https:\/\/www.historischeskolleg.de\/en\/#organization"},"potentialAction":[{"@type":"SearchAction","target":{"@type":"EntryPoint","urlTemplate":"https:\/\/www.historischeskolleg.de\/en\/?s={search_term_string}"},"query-input":{"@type":"PropertyValueSpecification","valueRequired":true,"valueName":"search_term_string"}}],"inLanguage":"en-US"},{"@type":"Organization","@id":"https:\/\/www.historischeskolleg.de\/en\/#organization","name":"Historisches Kolleg","url":"https:\/\/www.historischeskolleg.de\/en\/","logo":{"@type":"ImageObject","inLanguage":"en-US","@id":"https:\/\/www.historischeskolleg.de\/en\/#\/schema\/logo\/image\/","url":"https:\/\/www.historischeskolleg.de\/app\/uploads\/2021\/07\/cropped-HK_Logo_quer_blau_mitZusatz_transparent.png","contentUrl":"https:\/\/www.historischeskolleg.de\/app\/uploads\/2021\/07\/cropped-HK_Logo_quer_blau_mitZusatz_transparent.png","width":1300,"height":296,"caption":"Historisches Kolleg"},"image":{"@id":"https:\/\/www.historischeskolleg.de\/en\/#\/schema\/logo\/image\/"}}]}},"_links":{"self":[{"href":"https:\/\/www.historischeskolleg.de\/en\/wp-json\/wp\/v2\/event_listing\/12407","targetHints":{"allow":["GET"]}}],"collection":[{"href":"https:\/\/www.historischeskolleg.de\/en\/wp-json\/wp\/v2\/event_listing"}],"about":[{"href":"https:\/\/www.historischeskolleg.de\/en\/wp-json\/wp\/v2\/types\/event_listing"}],"wp:featuredmedia":[{"embeddable":true,"href":"https:\/\/www.historischeskolleg.de\/en\/wp-json\/wp\/v2\/media\/10257"}],"wp:attachment":[{"href":"https:\/\/www.historischeskolleg.de\/en\/wp-json\/wp\/v2\/media?parent=12407"}],"wp:term":[{"taxonomy":"event_listing_category","embeddable":true,"href":"https:\/\/www.historischeskolleg.de\/en\/wp-json\/wp\/v2\/event_listing_category?post=12407"},{"taxonomy":"event_listing_type","embeddable":true,"href":"https:\/\/www.historischeskolleg.de\/en\/wp-json\/wp\/v2\/event_listing_type?post=12407"}],"curies":[{"name":"wp","href":"https:\/\/api.w.org\/{rel}","templated":true}]}}

<p><strong>Vortrag von Prof. Dr. Ulinka Rublack</strong></p>



<p>Globale Geschichte zielt zunehmend darauf ab, Veränderungen von Einstellungen, Lebenstilen und Subjektivitäten zu erfassen. Sie befasst sich mit sozialen Praktiken und Erzählungen, die im Alltagsleben und in der Vorstellungskraft verwurzelt sind. Die Geschichte der materiellen Kultur, insbesondere der Kleidung und der Mode, bietet dazu eine einzigartige Gelegenheit. Sie fragt, wer der Kleidung welche Bedeutung gab, warum und mit welcher Wirkung.  Seit dem Mittelalter standen größere Teile der Welt durch ihr Interesse an der Mode miteinander in Beziehung. Der erste Teil des Vortrags diskutiert Beispiele für das Aufkommen der Mode als globales Phänomen in einer multizentrischen Welt vor dem Zeitalter der europäischen Hegemonie ab 1800. Der zweite Teil befasst sich mit der Bedeutung von globalen Accessoires, die kulturelle Konvergenzen schufen. In einem letzten Teil wird der Frage nachgegangen, wie diese Entwicklungen die Wahrnehmung von kulturellen Unterschieden beeinflussten und wie sie Ökologien und das Ethos der Textilproduktion auf dem Weg in moderne Welten transformierten. Mode ist somit nicht länger als eine westliche und moderne Erfindung zu verstehen. Die Erkenntnisse sind für die heutigen Diskussionen über die Zukunft der Mode von entscheidender Bedeutung. </p>



<p>Einlass ist ab 18.30 Uhr bis maximal zum Veranstaltungsbeginn. Die Zahl der Sitzplätze ist begrenzt. Der Zugang zum Haus ist nicht barrierefrei.</p>



<p>Die Veranstaltungen werden mit Foto und Video dokumentiert. Mit Ihrer Teilnahme erklären Sie sich mit der Aufzeichnung und deren Nutzung im Rahmen der Öffentlichkeitsarbeit des Historischen Kollegs einverstanden.</p>
