{"id":12400,"date":"2025-09-03T09:55:20","date_gmt":"2025-09-03T07:55:20","guid":{"rendered":"https:\/\/www.historischeskolleg.de\/?post_type=event_listing&#038;p=12400"},"modified":"2026-04-23T00:49:01","modified_gmt":"2026-04-22T22:49:01","slug":"gleich-viel-zeit-temporale-und-politische-ordnung-im-demokratischen-athen","status":"expired","type":"event_listing","link":"https:\/\/www.historischeskolleg.de\/en\/event\/gleich-viel-zeit-temporale-und-politische-ordnung-im-demokratischen-athen\/","title":{"rendered":"Gleich viel Zeit?! Temporale und politische Ordnung im demokratischen Athen"},"content":{"rendered":"\n<p><strong>Vortrag von Dr. Tabea Meurer<\/strong><\/p>\n\n\n\n<p>Consolidator Fellow Tabea Meurer spricht \u00fcber einen Teil Ihres Forschungsvorhabens, das sie w\u00e4hrend ihres Fellowships am Historischen Kollegs bearbeitet. <strong>Prof. Dr. Christof Schuler<\/strong>, Erster Direktor der Kommission f\u00fcr Alte Geschichte und Epigraphik des Deutschen Arch\u00e4ologischen Instituts, f\u00fchrt in den Vortrag ein.<\/p>\n\n\n\n<p>Zeit ist ein Politikum. Und Politik braucht Zeit: Blickt man auf Temporalit\u00e4ten und Teilhabe, zeigen sich wie in einem Brennglas strukturelle Herausforderungen f\u00fcr Gesellschaften. Dies gilt ebenfalls f\u00fcr das demokratische Athen: In einer Gemeinschaft, die auf Gleichheit ihrer B\u00fcrger basierte, dienten temporale Vorgaben der Umsetzung egalit\u00e4rer Ideale. Gleichheit durch Zeit herstellen zu wollen, widersprach jedoch der Ungleichverteilung temporaler Ressourcen. Der Vortrag wirft ein Schlaglicht auf Zeit und Politik im demokratischen Athen. Anhand ausgew\u00e4hlter Quellen wird untersucht, inwieweit sich Temporalit\u00e4ten von einem Strukturelement zu einem Regulierungsinstrument entwickelten. Diese Detailbeobachtungen er\u00f6ffnen Einblicke in die Politisierung von Zeit, die mit einer konzeptuellen Abstraktion zusammenfiel. <\/p>\n\n\n\n<p>Einlass ist ab 18.30 Uhr bis maximal zum Veranstaltungsbeginn. Die Zahl der Sitzpl\u00e4tze ist begrenzt. Der Zugang zum Haus ist nicht barrierefrei.<\/p>\n\n\n\n<p>Die Veranstaltungen werden mit Foto und Video dokumentiert. Mit Ihrer Teilnahme erkl\u00e4ren Sie sich mit der Aufzeichnung und deren Nutzung im Rahmen der \u00d6ffentlichkeitsarbeit des Historischen Kollegs einverstanden.<\/p>\n","protected":false},"featured_media":11189,"template":"","meta":[],"event_listing_category":[],"event_listing_type":[82],"class_list":["post-12400","event_listing","type-event_listing","status-expired","has-post-thumbnail","hentry","event_listing_type-vortrag"],"acf":[],"yoast_head":"<!-- This site is optimized with the Yoast SEO plugin v27.3 - https:\/\/yoast.com\/product\/yoast-seo-wordpress\/ -->\n<title>Gleich viel Zeit?! Temporale und politische Ordnung im demokratischen Athen - Historisches Kolleg<\/title>\n<meta name=\"robots\" content=\"index, follow, max-snippet:-1, max-image-preview:large, max-video-preview:-1\" \/>\n<link rel=\"canonical\" href=\"https:\/\/www.historischeskolleg.de\/en\/event\/gleich-viel-zeit-temporale-und-politische-ordnung-im-demokratischen-athen\/\" \/>\n<meta property=\"og:locale\" content=\"en_US\" \/>\n<meta property=\"og:type\" content=\"article\" \/>\n<meta property=\"og:title\" content=\"Gleich viel Zeit?! Temporale und politische Ordnung im demokratischen Athen - Historisches Kolleg\" \/>\n<meta property=\"og:url\" content=\"https:\/\/www.historischeskolleg.de\/en\/event\/gleich-viel-zeit-temporale-und-politische-ordnung-im-demokratischen-athen\/\" \/>\n<meta property=\"og:site_name\" content=\"Historisches Kolleg\" \/>\n<meta property=\"article:modified_time\" content=\"2026-04-22T22:49:01+00:00\" \/>\n<meta property=\"og:image\" content=\"https:\/\/www.historischeskolleg.de\/app\/uploads\/2024\/08\/image00006-scaled.jpeg\" \/>\n\t<meta property=\"og:image:width\" content=\"2560\" \/>\n\t<meta property=\"og:image:height\" content=\"1920\" \/>\n\t<meta property=\"og:image:type\" content=\"image\/jpeg\" \/>\n<meta name=\"twitter:card\" content=\"summary_large_image\" \/>\n<meta name=\"twitter:label1\" content=\"Est. reading time\" \/>\n\t<meta name=\"twitter:data1\" content=\"2 minutes\" \/>\n<script type=\"application\/ld+json\" class=\"yoast-schema-graph\">{\"@context\":\"https:\\\/\\\/schema.org\",\"@graph\":[{\"@type\":\"WebPage\",\"@id\":\"https:\\\/\\\/www.historischeskolleg.de\\\/en\\\/event\\\/gleich-viel-zeit-temporale-und-politische-ordnung-im-demokratischen-athen\\\/\",\"url\":\"https:\\\/\\\/www.historischeskolleg.de\\\/en\\\/event\\\/gleich-viel-zeit-temporale-und-politische-ordnung-im-demokratischen-athen\\\/\",\"name\":\"Gleich viel Zeit?! Temporale und politische Ordnung im demokratischen Athen - Historisches Kolleg\",\"isPartOf\":{\"@id\":\"https:\\\/\\\/www.historischeskolleg.de\\\/en\\\/#website\"},\"primaryImageOfPage\":{\"@id\":\"https:\\\/\\\/www.historischeskolleg.de\\\/en\\\/event\\\/gleich-viel-zeit-temporale-und-politische-ordnung-im-demokratischen-athen\\\/#primaryimage\"},\"image\":{\"@id\":\"https:\\\/\\\/www.historischeskolleg.de\\\/en\\\/event\\\/gleich-viel-zeit-temporale-und-politische-ordnung-im-demokratischen-athen\\\/#primaryimage\"},\"thumbnailUrl\":\"https:\\\/\\\/www.historischeskolleg.de\\\/app\\\/uploads\\\/2024\\\/08\\\/image00006-scaled.jpeg\",\"datePublished\":\"2025-09-03T07:55:20+00:00\",\"dateModified\":\"2026-04-22T22:49:01+00:00\",\"breadcrumb\":{\"@id\":\"https:\\\/\\\/www.historischeskolleg.de\\\/en\\\/event\\\/gleich-viel-zeit-temporale-und-politische-ordnung-im-demokratischen-athen\\\/#breadcrumb\"},\"inLanguage\":\"en-US\",\"potentialAction\":[{\"@type\":\"ReadAction\",\"target\":[\"https:\\\/\\\/www.historischeskolleg.de\\\/en\\\/event\\\/gleich-viel-zeit-temporale-und-politische-ordnung-im-demokratischen-athen\\\/\"]}]},{\"@type\":\"ImageObject\",\"inLanguage\":\"en-US\",\"@id\":\"https:\\\/\\\/www.historischeskolleg.de\\\/en\\\/event\\\/gleich-viel-zeit-temporale-und-politische-ordnung-im-demokratischen-athen\\\/#primaryimage\",\"url\":\"https:\\\/\\\/www.historischeskolleg.de\\\/app\\\/uploads\\\/2024\\\/08\\\/image00006-scaled.jpeg\",\"contentUrl\":\"https:\\\/\\\/www.historischeskolleg.de\\\/app\\\/uploads\\\/2024\\\/08\\\/image00006-scaled.jpeg\",\"width\":2560,\"height\":1920},{\"@type\":\"BreadcrumbList\",\"@id\":\"https:\\\/\\\/www.historischeskolleg.de\\\/en\\\/event\\\/gleich-viel-zeit-temporale-und-politische-ordnung-im-demokratischen-athen\\\/#breadcrumb\",\"itemListElement\":[{\"@type\":\"ListItem\",\"position\":1,\"name\":\"Home\",\"item\":\"https:\\\/\\\/www.historischeskolleg.de\\\/en\\\/\"},{\"@type\":\"ListItem\",\"position\":2,\"name\":\"Gleich viel Zeit?! Temporale und politische Ordnung im demokratischen Athen\"}]},{\"@type\":\"WebSite\",\"@id\":\"https:\\\/\\\/www.historischeskolleg.de\\\/en\\\/#website\",\"url\":\"https:\\\/\\\/www.historischeskolleg.de\\\/en\\\/\",\"name\":\"Historisches Kolleg\",\"description\":\"Institute for Advanced Study in History\",\"publisher\":{\"@id\":\"https:\\\/\\\/www.historischeskolleg.de\\\/en\\\/#organization\"},\"potentialAction\":[{\"@type\":\"SearchAction\",\"target\":{\"@type\":\"EntryPoint\",\"urlTemplate\":\"https:\\\/\\\/www.historischeskolleg.de\\\/en\\\/?s={search_term_string}\"},\"query-input\":{\"@type\":\"PropertyValueSpecification\",\"valueRequired\":true,\"valueName\":\"search_term_string\"}}],\"inLanguage\":\"en-US\"},{\"@type\":\"Organization\",\"@id\":\"https:\\\/\\\/www.historischeskolleg.de\\\/en\\\/#organization\",\"name\":\"Historisches Kolleg\",\"url\":\"https:\\\/\\\/www.historischeskolleg.de\\\/en\\\/\",\"logo\":{\"@type\":\"ImageObject\",\"inLanguage\":\"en-US\",\"@id\":\"https:\\\/\\\/www.historischeskolleg.de\\\/en\\\/#\\\/schema\\\/logo\\\/image\\\/\",\"url\":\"https:\\\/\\\/www.historischeskolleg.de\\\/app\\\/uploads\\\/2021\\\/07\\\/cropped-HK_Logo_quer_blau_mitZusatz_transparent.png\",\"contentUrl\":\"https:\\\/\\\/www.historischeskolleg.de\\\/app\\\/uploads\\\/2021\\\/07\\\/cropped-HK_Logo_quer_blau_mitZusatz_transparent.png\",\"width\":1300,\"height\":296,\"caption\":\"Historisches Kolleg\"},\"image\":{\"@id\":\"https:\\\/\\\/www.historischeskolleg.de\\\/en\\\/#\\\/schema\\\/logo\\\/image\\\/\"}}]}<\/script>\n<!-- \/ Yoast SEO plugin. -->","yoast_head_json":{"title":"Gleich viel Zeit?! Temporale und politische Ordnung im demokratischen Athen - Historisches Kolleg","robots":{"index":"index","follow":"follow","max-snippet":"max-snippet:-1","max-image-preview":"max-image-preview:large","max-video-preview":"max-video-preview:-1"},"canonical":"https:\/\/www.historischeskolleg.de\/en\/event\/gleich-viel-zeit-temporale-und-politische-ordnung-im-demokratischen-athen\/","og_locale":"en_US","og_type":"article","og_title":"Gleich viel Zeit?! Temporale und politische Ordnung im demokratischen Athen - Historisches Kolleg","og_url":"https:\/\/www.historischeskolleg.de\/en\/event\/gleich-viel-zeit-temporale-und-politische-ordnung-im-demokratischen-athen\/","og_site_name":"Historisches Kolleg","article_modified_time":"2026-04-22T22:49:01+00:00","og_image":[{"width":2560,"height":1920,"url":"https:\/\/www.historischeskolleg.de\/app\/uploads\/2024\/08\/image00006-scaled.jpeg","type":"image\/jpeg"}],"twitter_card":"summary_large_image","twitter_misc":{"Est. reading time":"2 minutes"},"schema":{"@context":"https:\/\/schema.org","@graph":[{"@type":"WebPage","@id":"https:\/\/www.historischeskolleg.de\/en\/event\/gleich-viel-zeit-temporale-und-politische-ordnung-im-demokratischen-athen\/","url":"https:\/\/www.historischeskolleg.de\/en\/event\/gleich-viel-zeit-temporale-und-politische-ordnung-im-demokratischen-athen\/","name":"Gleich viel Zeit?! Temporale und politische Ordnung im demokratischen Athen - Historisches Kolleg","isPartOf":{"@id":"https:\/\/www.historischeskolleg.de\/en\/#website"},"primaryImageOfPage":{"@id":"https:\/\/www.historischeskolleg.de\/en\/event\/gleich-viel-zeit-temporale-und-politische-ordnung-im-demokratischen-athen\/#primaryimage"},"image":{"@id":"https:\/\/www.historischeskolleg.de\/en\/event\/gleich-viel-zeit-temporale-und-politische-ordnung-im-demokratischen-athen\/#primaryimage"},"thumbnailUrl":"https:\/\/www.historischeskolleg.de\/app\/uploads\/2024\/08\/image00006-scaled.jpeg","datePublished":"2025-09-03T07:55:20+00:00","dateModified":"2026-04-22T22:49:01+00:00","breadcrumb":{"@id":"https:\/\/www.historischeskolleg.de\/en\/event\/gleich-viel-zeit-temporale-und-politische-ordnung-im-demokratischen-athen\/#breadcrumb"},"inLanguage":"en-US","potentialAction":[{"@type":"ReadAction","target":["https:\/\/www.historischeskolleg.de\/en\/event\/gleich-viel-zeit-temporale-und-politische-ordnung-im-demokratischen-athen\/"]}]},{"@type":"ImageObject","inLanguage":"en-US","@id":"https:\/\/www.historischeskolleg.de\/en\/event\/gleich-viel-zeit-temporale-und-politische-ordnung-im-demokratischen-athen\/#primaryimage","url":"https:\/\/www.historischeskolleg.de\/app\/uploads\/2024\/08\/image00006-scaled.jpeg","contentUrl":"https:\/\/www.historischeskolleg.de\/app\/uploads\/2024\/08\/image00006-scaled.jpeg","width":2560,"height":1920},{"@type":"BreadcrumbList","@id":"https:\/\/www.historischeskolleg.de\/en\/event\/gleich-viel-zeit-temporale-und-politische-ordnung-im-demokratischen-athen\/#breadcrumb","itemListElement":[{"@type":"ListItem","position":1,"name":"Home","item":"https:\/\/www.historischeskolleg.de\/en\/"},{"@type":"ListItem","position":2,"name":"Gleich viel Zeit?! Temporale und politische Ordnung im demokratischen Athen"}]},{"@type":"WebSite","@id":"https:\/\/www.historischeskolleg.de\/en\/#website","url":"https:\/\/www.historischeskolleg.de\/en\/","name":"Historisches Kolleg","description":"Institute for Advanced Study in History","publisher":{"@id":"https:\/\/www.historischeskolleg.de\/en\/#organization"},"potentialAction":[{"@type":"SearchAction","target":{"@type":"EntryPoint","urlTemplate":"https:\/\/www.historischeskolleg.de\/en\/?s={search_term_string}"},"query-input":{"@type":"PropertyValueSpecification","valueRequired":true,"valueName":"search_term_string"}}],"inLanguage":"en-US"},{"@type":"Organization","@id":"https:\/\/www.historischeskolleg.de\/en\/#organization","name":"Historisches Kolleg","url":"https:\/\/www.historischeskolleg.de\/en\/","logo":{"@type":"ImageObject","inLanguage":"en-US","@id":"https:\/\/www.historischeskolleg.de\/en\/#\/schema\/logo\/image\/","url":"https:\/\/www.historischeskolleg.de\/app\/uploads\/2021\/07\/cropped-HK_Logo_quer_blau_mitZusatz_transparent.png","contentUrl":"https:\/\/www.historischeskolleg.de\/app\/uploads\/2021\/07\/cropped-HK_Logo_quer_blau_mitZusatz_transparent.png","width":1300,"height":296,"caption":"Historisches Kolleg"},"image":{"@id":"https:\/\/www.historischeskolleg.de\/en\/#\/schema\/logo\/image\/"}}]}},"_links":{"self":[{"href":"https:\/\/www.historischeskolleg.de\/en\/wp-json\/wp\/v2\/event_listing\/12400","targetHints":{"allow":["GET"]}}],"collection":[{"href":"https:\/\/www.historischeskolleg.de\/en\/wp-json\/wp\/v2\/event_listing"}],"about":[{"href":"https:\/\/www.historischeskolleg.de\/en\/wp-json\/wp\/v2\/types\/event_listing"}],"wp:featuredmedia":[{"embeddable":true,"href":"https:\/\/www.historischeskolleg.de\/en\/wp-json\/wp\/v2\/media\/11189"}],"wp:attachment":[{"href":"https:\/\/www.historischeskolleg.de\/en\/wp-json\/wp\/v2\/media?parent=12400"}],"wp:term":[{"taxonomy":"event_listing_category","embeddable":true,"href":"https:\/\/www.historischeskolleg.de\/en\/wp-json\/wp\/v2\/event_listing_category?post=12400"},{"taxonomy":"event_listing_type","embeddable":true,"href":"https:\/\/www.historischeskolleg.de\/en\/wp-json\/wp\/v2\/event_listing_type?post=12400"}],"curies":[{"name":"wp","href":"https:\/\/api.w.org\/{rel}","templated":true}]}}

<p><strong>Vortrag von Dr. Tabea Meurer</strong></p>



<p>Consolidator Fellow Tabea Meurer spricht über einen Teil Ihres Forschungsvorhabens, das sie während ihres Fellowships am Historischen Kollegs bearbeitet. <strong>Prof. Dr. Christof Schuler</strong>, Erster Direktor der Kommission für Alte Geschichte und Epigraphik des Deutschen Archäologischen Instituts, führt in den Vortrag ein.</p>



<p>Zeit ist ein Politikum. Und Politik braucht Zeit: Blickt man auf Temporalitäten und Teilhabe, zeigen sich wie in einem Brennglas strukturelle Herausforderungen für Gesellschaften. Dies gilt ebenfalls für das demokratische Athen: In einer Gemeinschaft, die auf Gleichheit ihrer Bürger basierte, dienten temporale Vorgaben der Umsetzung egalitärer Ideale. Gleichheit durch Zeit herstellen zu wollen, widersprach jedoch der Ungleichverteilung temporaler Ressourcen. Der Vortrag wirft ein Schlaglicht auf Zeit und Politik im demokratischen Athen. Anhand ausgewählter Quellen wird untersucht, inwieweit sich Temporalitäten von einem Strukturelement zu einem Regulierungsinstrument entwickelten. Diese Detailbeobachtungen eröffnen Einblicke in die Politisierung von Zeit, die mit einer konzeptuellen Abstraktion zusammenfiel. </p>



<p>Einlass ist ab 18.30 Uhr bis maximal zum Veranstaltungsbeginn. Die Zahl der Sitzplätze ist begrenzt. Der Zugang zum Haus ist nicht barrierefrei.</p>



<p>Die Veranstaltungen werden mit Foto und Video dokumentiert. Mit Ihrer Teilnahme erklären Sie sich mit der Aufzeichnung und deren Nutzung im Rahmen der Öffentlichkeitsarbeit des Historischen Kollegs einverstanden.</p>
